8411
List the prime factors of 93194252.
2, 23, 1012981
List the prime factors of 17241215.
5, 3448243
What are the prime factors of 5657021716?
2, 59, 101, 237331
What are the prime factors of 1389947177?
29, 2473, 19381
What are the prime factors of 10362974?
2, 181, 28627
What are the prime factors of 73659720?
2, 3, 5, 31, 19801
List the prime factors of 359475792.
2, 3, 13, 97, 5939
List the prime factors of 876374161.
13, 103, 654499
What are the prime factors of 248299380?
2, 3, 5, 7, 197063
List the prime factors of 318875474.
2, 29, 1709, 3217
List the prime factors of 73846823.
47, 1571209
What are the prime factors of 315407430?
2, 3, 5, 13, 269579
List the prime factors of 178660547.
13, 1057163
What are the prime factors of 1332695399?
7, 17, 11199121
List the prime factors of 710589412.
2, 13, 389, 35129
What are the prime factors of 1612566017?
229, 349, 20177
List the prime factors of 13292812.
2, 13, 101, 2531
List the prime factors of 45130054.
2, 19, 62507
What are the prime factors of 5034742087?
5531, 910277
List the prime factors of 15388965.
3, 5, 281, 1217
List the prime factors of 1026344031.
3, 9157, 37361
List the prime factors of 240637725.
3, 5, 1069501
What are the prime factors of 83138182?
2, 3257, 12763
List the prime factors of 1696108263.
3, 565369421
List the prime factors of 2727390578.
2, 11, 11270209
List the prime factors of 1114349998.
2, 29, 19212931
List the prime factors of 164768672.
2, 5149021
List the prime factors of 2162356103.
11399, 189697
What are the prime factors of 171050783?
4999, 34217
What are the prime factors of 551573273?
131, 1481, 2843
List the prime factors of 183005700.
2, 3, 5, 37, 16487
List the prime factors of 2438437963.
13, 59, 244553
List the prime factors of 277096643.
277096643
List the prime factors of 1351232182.
2, 17, 853, 46591
What are the prime factors of 474013819?
474013819
What are the prime factors of 46004850?
2, 3, 5, 102233
List the prime factors of 241085004.
2, 3, 29, 43, 16111
List the prime factors of 10143409.
10143409
What are the prime factors of 998000556?
2, 3, 7, 37, 107, 3001
What are the prime factors of 3937567917?
3, 167, 439, 17903
List the prime factors of 34398793.
11, 13, 240551
What are the prime factors of 26164251?
3, 109, 149, 179
What are the prime factors of 9276153600?
2, 3, 5, 7, 69019
List the prime factors of 3597633115.
5, 719526623
List the prime factors of 85017417.
3, 28339139
What are the prime factors of 275493551?
17, 16205503
What are the prime factors of 5313942632?
2, 23, 28880123
List the prime factors of 2287664442.
2, 3, 7, 18156067
What are the prime factors of 4673331889?
23, 269, 379, 1993
What are the prime factors of 2225253106?
2, 41, 107, 127, 1997
What are the prime factors of 95489330?
2, 5, 23, 415171
What are the prime factors of 118308129?
3, 37, 1065839
What are the prime factors of 339615883?
339615883
What are the prime factors of 9095688?
2, 3, 7, 18047
What are the prime factors of 98752919?
98752919
List the prime factors of 51556370.
2, 5, 787, 6551
List the prime factors of 369403816.
2, 661, 69857
What are the prime factors of 171252082?
2, 85626041
List the prime factors of 43619513.
7, 107, 58237
List the prime factors of 1347126514.
2, 23, 31, 944689
What are the prime factors of 41020613?
47, 709, 1231
What are the prime factors of 149834562?
2, 3, 1933, 12919
What are the prime factors of 715897569?
3, 223, 587, 1823
What are the prime factors of 5095139685?
3, 5, 397, 855607
What are the prime factors of 75250595?
5, 7, 23, 93479
What are the prime factors of 386813350?
2, 5, 7, 11, 31, 463
List the prime factors of 51252181.
97, 528373
What are the prime factors of 605166449?
1949, 310501
List the prime factors of 30333658.
2, 15166829
List the prime factors of 97759474.
2, 71, 688447
What are the prime factors of 559219254?
2, 3, 11, 41, 47, 4397
What are the prime factors of 2997061?
23, 130307
What are the prime factors of 1090893794?
2, 545446897
List the prime factors of 455136477.
3, 89, 1151, 1481
What are the prime factors of 519730295?
5, 7, 71, 209147
What are the prime factors of 2737651598?
2, 11, 124438709
What are the prime factors of 5973323?
5973323
List the prime factors of 30353813.
7, 23, 188533
List the prime factors of 56616745.
5, 467, 24247
List the prime factors of 347620309.
227, 1531367
What are the prime factors of 3407905689?
3, 103, 11028821
List the prime factors of 277114152.
2, 3, 7, 1649489
What are the prime factors of 2414230350?
2, 3, 5, 7, 17, 211, 641
List the prime factors of 192261995.
5, 911, 42209
What are the prime factors of 822454902?
2, 3, 907, 50377
What are the prime factors of 14200889?
409, 34721
What are the prime factors of 7318528?
2, 7, 1021
What are the prime factors of 3043842?
2, 3, 37, 13711
What are the prime factors of 50026410?
2, 3, 5, 7, 17, 173
What are the prime factors of 1966250197?
23, 79, 1082141
List the prime factors of 261668789.
113, 601, 3853
What are the prime factors of 468201263?
41, 47, 229, 1061
List the prime factors of 20751159.
3, 11, 13, 48371
What are the prime factors of 174960840?
2, 3, 5, 97, 15031
What are the prime factors of 1324455882?
2, 3, 41, 5383967
List the prime factors of 2035252035.
3, 5, 1193, 12637
List the prime factors of 278929878.
2, 3, 23, 31, 113, 577
What are the prime factors of 3279943464?
2, 3, 7, 19523473
List the prime factors of 1612295918.
2, 163, 4945693
List the prime factors of 974201595.
3, 5, 64946773
What are the prime factors of 198005933?
41, 53, 91121
What are the prime factors of 3194414396?
2, 103, 257, 30169
List the prime factors of 52571061.
3, 41, 142469
What are the prime factors of 25976509?
13, 787, 2539
What are the prime factors of 44706823?
7, 47, 135887
List the prime factors of 2944730608.
2, 137, 631, 2129
What are the prime factors of 970256629?
1999, 485371
List the prime factors of 45222352.
2, 7, 199, 2029
What are the prime factors of 680327041?
71, 557, 17203
What are the prime factors of 1268313743?
1268313743
What are the prime factors of 17950567?
1801, 9967
List the prime factors of 4743173668.
2, 587, 2020091
What are the prime factors of 2003820189?
3, 7, 1069, 89261
List the prime factors of 912709227.
3, 1187, 256307
List the prime factors of 4369606121.
43, 47, 977, 2213
What are the prime factors of 1709585087?
7, 244226441
What are the prime factors of 144128364?
2, 3, 12010697
List the prime factors of 3975944737.
97, 163, 251467
List the prime factors of 481509983.
481509983
What are the prime factors of 95525725?
5, 31, 123259
List the prime factors of 6088465.
5, 17, 83, 863
List the prime factors of 38079489.
3, 7, 359, 5051
List the prime factors of 167360523.
3, 11, 523, 9697
List the prime factors of 115341753.
3, 17, 2261603
What are the prime factors of 4346211727?
11, 13, 30393089
List the prime factors of 101783651.
101783651
List the prime factors of 62702733.
3, 20900911
List the prime factors of 368786047.
7, 101, 191, 2731
What are the prime factors of 2585647737?
3, 19, 127, 13229
What are the prime factors of 51395943?
3, 17131981
List the prime factors of 3064180698.
2, 3, 47, 839, 1439
List the prime factors of 546169155.
3, 5, 7, 19, 23, 11903
What are the prime factors of 343034859?
3, 6367, 17959
List the prime factors of 2273540782.
2, 29, 569, 68891
What are the prime factors of 37784100?
2, 3, 5, 29, 43, 101
List the prime factors of 476149283.
476149283
List the prime factors of 2835669982.
2, 563, 2518357
What are the prime factors of 653964339?
3, 7, 43, 307, 337
List the prime factors of 58182820.
2, 5, 2909141
What are the prime factors of 69305784?
2, 3, 2887741
List the prime factors of 559405700.
2, 5, 7, 799151
List the prime factors of 70498902.
2, 3, 11749817
What are the prime factors of 2757805811?
37357, 73823
What are the prime factors of 3601778318?
2, 12473, 144383
What are the prime factors of 82798114?
2, 7, 23, 47, 5471
What are the prime factors of 152555245?
5, 83, 367603
List the prime factors of 46432649.
5381, 8629
List the prime factors of 180434196.
2, 3, 1670687
What are the prime factors of 72470978?
2, 19, 71, 26861
What are the prime factors of 1780872719?
1780872719
What are